-2).
-17
Suppose -24 = -9*q + 4*q + 4*j, -1 = j. Let f(d) = -d**2 - 5905*d + 1 + 5905*d. Determine f(q).
-15
Suppose 0*r = -20*r - 120. Let i(p) = p**3 + 6*p**2 - 2*p - 10. Calculate i(r).
2
Let i(c) = -66*c**3 - 2*c - 1. Suppose 85*t + 16 + 69 = 0. Calculate i(t).
67
Let m = 3 + -7. Let y(c) = -2 + 4 - 3*c + 4*c - 1. What is y(m)?
-3
Let d(p) be the first derivative of 2/3*p**3 - 3 - 1/12*p**4 + 5/2*p**2 + 3*p. Let m(u) be the first derivative of d(u). What is m(4)?
5
Suppose r = 2*r + 4*p - 2, -6 = -3*r + 4*p. Let i = 3 + r. Let w(k) = 2*k - 10*k + i*k - 3. Calculate w(-5).
12
Suppose 3*r = 5*x + 2, -2*x + 0*r - 8 = -3*r. Let s(n) = -37 + 36 + 3*n**x - n**2. Give s(1).
1
Let x be 2/(-6) + 14/(-3). Let a(m) = 4*m + 3. Let f(h) = 3*h + 8*h - 11*h - h. Let l(v) = -a(v) - 2*f(v). What is l(x)?
7
Let m(l) = -l. Let g(s) = -1. Suppose q - 3*w - 1 = -0*q, w - 1 = -q. Let h(o) = q*m(o) - g(o). Suppose 0 = -2*u + 4*z - 4, 4*u = -z - 27 + 1. Give h(u).
7
Let s(u) = -2*u**3 + 3*u**3 + 4 - 330*u**2 + 323*u**2 + 0*u**3 + 5*u. Determine s(6).
-2
Let p = -36 - -38. Suppose 7*j + p = 30. Let m(u) = -u**2 + 5*u - u + 0*u. Calculate m(j).
0
Let h(g) be the first derivative of -g**5/20 + g**4/2 - g**3/2 - 3*g**2/2 - 14*g - 11. Let l(m) be the first derivative of h(m). What is l(5)?
7
Let n = -1457 - -1459. Let b(w) be the first derivative of 1/2*w**n + 0*w + 5. What is b(-4)?
-4
Let j(f) = 4*f + 6. Let h(i) = -i**2 - 15*i - 35. Let g be h(-12). Let y(u) = -4*u**2 + 5*u - 5. Let l be y(g). What is j(l)?
-10
Let o(f) = -f**2 + 5*f - 7. Let s = -27 + 22. Let k be -2 - -2 - s/1. Determine o(k).
-7
Let h(k) = 10*k**3 - 4*k**2 - 7*k + 44. Let z(a) = -3*a**3 + 2*a**2 + 2*a - 13. Let y(t) = 2*h(t) + 7*z(t). What is y(5)?
22
Let x(r) be the first derivative of 2*r**2 - 9*r - 210. What is x(-9)?
-45
Let q(u) = 6*u + 10. Let n(t) = 17*t + 29. Let z(o) = 3*n(o) - 8*q(o). Suppose -8 = -3*g - 23. Let i be 3/g - (-110)/(-25). Calculate z(i).
-8
Let b(r) = r**2 - 3*r - 3. Let u be b(4). Let j(w) = -16*w**2 + 10*w + 6. Let i(l) = -4*l**2 + 2*l + 1. Let h(m) = 5*i(m) - j(m). Calculate h(u).
-5
Let y be 4/(-1) - (-559 + -5 - 0). Let w(q) = 560 + q - y + q**2. Let h = 1 + -1. What is w(h)?
0
Let b(v) = -3*v - 9. Let s(t) = -4*t - 10. Let a(r) = -5*b(r) + 4*s(r). Suppose -30 = -x - 7*i + 2*i, -i = 3*x - 20. Give a(x).
0
Let c(a) = a - 3. Let g = 873 - 871. Give c(g).
-1
Let h(f) = -3*f**2 - f - 5. Let x(p) be the third derivative of -p**5/15 - p**4/12 - 5*p**3/6 - 18*p**2. Let z(s) = 6*h(s) - 5*x(s). Calculate z(-4).
11
Let m(k) = -k - 2. Let a be m(-4). Let f(t) = 3*t + 2 + t**2 + 0*t + 2*t**a + t**3. Let v be (-5)/3 + (-11)/33. Determine f(v).
0
Let b(s) = -s**3 - 9*s**2 + 10*s + 3. Let r = 70 - 57. Suppose -9*z = r + 77. Calculate b(z).
3
Let v(p) be the third derivative of 13/6*p**3 + 0*p + 0 - 4*p**2 - 1/24*p**4. Give v(11).
2
Let j(n) be the second derivative of n**4/12 + n**3/2 - n**2 - 96*n. Determine j(-4).
2
Suppose -3*a = -3, 4*w = 2*w + 5*a - 9. Let k be (-492496)/(-96) - 2/12. Let h(j) = -1 + 3*j + k*j**2 + 1 - 5127*j**2. Calculate h(w).
6
Let a(k) be the second derivative of k**3/6 - 9*k**2/2 - k - 68. Suppose 0 = -3*t - 2*c + 4, -4*c - 1 + 9 = 3*t. Calculate a(t).
-9
Suppose 0 = -o - c + 6*c + 31, -o = -2*c - 16. Let y(v) be the third derivative of 5*v**2 + 1/12*v**4 + 0*v - 3/2*v**3 + 0. What is y(o)?
3
Let b(c) = 2 - 90*c - 86*c + 354*c - 86*c - 89*c. Let s(u) = u**3 - 3*u**2 - 5*u + 6. Let d be 2/9 - 34/(-9). Let i be s(d). Calculate b(i).
8
Let k = 9 - 13. Let q be (-2)/k*(-1 + 7). Let f(j) = 3739 - 3739 + 2*j. Determine f(q).
6
Let z(l) = 6*l**3 + l**2 - 44*l + 9. Let v(x) = -x**3 + 8*x - 2. Let a(n) = -11*v(n) - 2*z(n). What is a(-3)?
13
Let r(w) = 10 - 1 - w**2 + 2 + 15*w - 21*w. Determine r(-8).
-5
Suppose -56*z + 54*z = -2. Let u(g) = g + 1. Determine u(z).
2
Let c(u) = 8*u - u**2 - 2*u - 3*u + 6. Suppose 2*f = -x - 0*f + 3, 0 = 4*x - f - 21. Calculate c(x).
-4
Let g(w) = w + 12. Suppose -21 = 34*c - 31*c. Calculate g(c).
5
Let x(y) be the first derivative of -y**3/3 - 4*y**2 + y + 251. Determine x(-9).
-8
Let f(k) = 2*k + 9. Let w(c) = -8*c - 129. Let m be w(-17). Let h(g) be the second derivative of -g**4/12 + g**3 + g**2/2 + g. Let s be h(m). Calculate f(s).
-3
Let n(u) = -5*u + 14. Let h(w) = 5*w - 78 + 107 - 16*w. Let j(k) = -6*h(k) + 13*n(k). Calculate j(-7).
1
Let q = 4 - 0. Suppose -14 = 3*f - u, f = 2*u - q + 1. Let g(p) be the first derivative of -p**4/4 - 2*p**3 - 4*p**2 - 5*p - 4. Give g(f).
10
Let l be (-3 - -11) + 6/(-2). Suppose 0 = l*d - 8 - 7. Let x be ((-2)/d)/(2/3). Let v(f) = 4*f - 1. What is v(x)?
-5
Let r = 24 - 0. Let l = -20 + r. Suppose -l + 0 = -p. Let d(h) = h**3 - 4*h**2 + 4*h - 1. Determine d(p).
15
Let g(u) = -7*u - 1. Let h be (-3)/(-2)*4/(-2). Let r(c) be the second derivative of -32*c**3/3 - 4*c**2 + 26*c. Let n(a) = h*r(a) + 28*g(a). Determine n(-3).
8
Let o(n) = -3*n + 1. Let j(m) be the first derivative of m**2/2 - 5*m + 1. Let v be j(7). Let y = -1 + v. What is o(y)?
-2
Let k(y) = 71*y - 2. Let h(q) = -201*q + 6. Let t(d) = -6*h(d) - 17*k(d). Give t(-10).
8
Let w be (13/3 - -1) + 4/6. Suppose w*r - 15 - 9 = 0. Let c(b) = -5*b + 2. Give c(r).
-18
Let u(i) be the second derivative of -i**4/12 + 25*i**3/6 + 3*i**2 - 3*i + 70. What is u(25)?
6
Let f(x) = -x**3 - 6*x**2 + 6*x + 8. Let o(g) = 43*g + 509. Let p be o(-12). Determine f(p).
15
Let u(s) be the third derivative of 0 + 0*s - 1/24*s**4 + 1/6*s**3 + 3*s**2. Let d = -14 + 19. Calculate u(d).
-4
Suppose 0 = -2*s + 5*t + 22, 2*s - t = 10 - 4. Let p(k) be the third derivative of -7*k**5/60 - k**4/24 - 2*k**2 - 19*k. Give p(s).
-8
Let d(g) = g**3 - 8*g**2 + 9*g + 4. Let m = -40 - -40. Suppose q - 2*t - 15 = m, 4*t + 1 - 20 = -5*q. What is d(q)?
18
Let f(p) = p**3 - 9*p**2 - 11*p. Suppose 4*l = -4*g + 60, g = 14 - 9. Calculate f(l).
-10
Let h(g) = -16*g - 15. Let c(j) = 18*j + 20. Let k(p) = -2*c(p) - 3*h(p). What is k(-2)?
-19
Let f(c) = -c + 2. Let q(n) = n. Let u(o) = f(o) + 2*q(o). Let d be -4 - (-1)/(2 + -3). Let m be u(d). Let w(v) = -v**3 - v**2 + 2*v + 1. Calculate w(m).
13
Let k(w) = 3*w - 3. Let x be k(3). Let q(b) be the second derivative of -1/12*b**4 + 0 + b**3 + 2*b + 0*b**2. Calculate q(x).
0
Let b(i) = -i**3 - 3*i**2. Let j = -53 - -50. Let d be j + 6 + -5 + -1. Give b(d).
0
Let c(w) = 3*w**2 + w - 4 - 2*w**2 - 4*w. Let x(u) = u**3 - 9*u**2 - 10*u. Let b be x(10). Suppose b = 3*p - 13 - 2. What is c(p)?
6
Let k(x) be the first derivative of x**2/2 + 4*x + 433. Give k(-11).
-7
Let x be 2 + (3 - 4) - 28. Let h be ((-36)/x)/(-2 - 12/(-9)). Let r(f) = -3*f + 6*f**2 - 4 + 1 - 4*f**2. Determine r(h).
11
Let t(n) = -5*n + 4*n - 6 + 2 + 3. Let j(u) = -2*u - 3. Let w(o) = 3*j(o) - 7*t(o). Let r(g) = -g**3 - 3*g**2 - g. Let c be r(-2). Determine w(c).
-4
Let p(z) = -6*z + 8. Suppose 34*s - 36 = 28*s. Determine p(s).
-28
Let s(i) = -10*i**3 + 12*i**3 + 2*i - 54 + 54 - 2*i**2. Give s(2).
12
Suppose -2*p = 4 - 0. Let b be p/5 + 9/(-15). Let q(k) = -3*k + 4*k - 4599*k**3 + 1 - k**2 + 9213*k**3 - 4602*k**3. Determine q(b).
-13
Let w = 11 - 7. Let t(y) = -2*y + 0*y + 5*y - w*y. Let k be 6/(-9)*-3*-2. Give t(k).
4
Suppose -67 + 35 = -32*g. Let v(k) = 57*k**3 - 2*k**2 + 1. What is v(g)?
56
Let z(n) be the third derivative of n**4/6 + 17*n**3/6 + 41*n**2 + 3*n. Calculate z(-6).
-7
Let l(z) be the third derivative of z**4/3 + z**3 + 158*z**2. Calculate l(5).
46
Let p(s) = 2*s**2 + 4*s + 6. Let r(z) = -3*z**2 - 7*z - 10. Let m(x) = -7*p(x) - 4*r(x). Give m(-3).
-20
Let u(p) be the third derivative of p**4/12 - p**3/2 - 5*p**2 + 18. Let z be (8 - 2)*(-2)/(-4). Determine u(z).
3
Let k = 477 + -473. Let o(u) = u**2 - u. Let x be o(1). Let v(p) = -2*p + 3 + 0 + x. Give v(k).
-5
Let d(f) = -6*f + 33. Let u(r) = 16*r - 65. Let a(b) = -5*d(b) - 2*u(b). Give a(-12).
-11
Let n(p) = 9*p**2 + 10*p - 5. Let b(d) = 2*d**2 + 1. Let r(c) = -5*b(c) + n(c). Determine r(8).
6
Let g(w) = -w**3 + 9*w**2. Let h(u) = u**3 - 8*u**2. Let o(m) = 5*g(m) + 6*h(m). Suppose -4*v - 384 - 8 = 0. Let k = v + 101. Give o(k).
0
Let h(x) be the first derivative of -x + 42. Let n(r) = r**2 - 7*r - 1. Let d(v) = -5*h(v) + n(v). Give d(6).
-2
Let c(h) be the first derivative of -h**3/3 - 3. Suppose 4*m - m = 24.